 is the thousands digit of 1039702?
9
What is the tens digit of 884433?
3
What is the thousands digit of 4022810?
2
What is the hundreds digit of 25069863?
8
What is the hundred thousands digit of 13040115?
0
What is the hundreds digit of 236316?
3
What is the thousands digit of 10990408?
0
What is the millions digit of 11675955?
1
What is the ten thousands digit of 288767?
8
What is the hundreds digit of 186852?
8
What is the ten thousands digit of 17684037?
8
What is the thousands digit of 1400407?
0
What is the tens digit of 5982162?
6
What is the units digit of 60581?
1
What is the hundred thousands digit of 616005?
6
What is the ten thousands digit of 4969700?
6
What is the thousands digit of 4403729?
3
What is the thousands digit of 6256215?
6
What is the hundreds digit of 2207678?
6
What is the millions digit of 2334434?
2
What is the hundred thousands digit of 27996335?
9
What is the hundreds digit of 20597876?
8
What is the units digit of 267343?
3
What is the hundreds digit of 22624368?
3
What is the units digit of 742688?
8
What is the ten thousands digit of 464870?
6
What is the ten thousands digit of 3831551?
3
What is the ten thousands digit of 19987170?
8
What is the thousands digit of 470717?
0
What is the units digit of 8305146?
6
What is the hundreds digit of 2506863?
8
What is the ten thousands digit of 50978?
5
What is the ten thousands digit of 707003?
0
What is the tens digit of 18362294?
9
What is the hundreds digit of 395261?
2
What is the millions digit of 5377208?
5
What is the units digit of 1624614?
4
What is the hundreds digit of 17951943?
9
What is the hundreds digit of 889267?
2
What is the ten thousands digit of 64542?
6
What is the tens digit of 406398?
9
What is the tens digit of 302001?
0
What is the thousands digit of 6112505?
2
What is the units digit of 5721415?
5
What is the hundred thousands digit of 14365484?
3
What is the units digit of 157063?
3
What is the millions digit of 5299252?
5
What is the units digit of 475480?
0
What is the units digit of 13793364?
4
What is the units digit of 365052?
2
What is the ten thousands digit of 2709700?
0
What is the units digit of 367530?
0
What is the hundred thousands digit of 309944?
3
What is the hundred thousands digit of 475456?
4
What is the hundreds digit of 422699?
6
What is the hundreds digit of 196303?
3
What is the thousands digit of 63739?
3
What is the hundred thousands digit of 2112815?
1
What is the thousands digit of 8416373?
6
What is the ten thousands digit of 2290984?
9
What is the thousands digit of 4252183?
2
What is the tens digit of 37221?
2
What is the hundreds digit of 2757587?
5
What is the ten thousands digit of 470656?
7
What is the tens digit of 625943?
4
What is the tens digit of 3183968?
6
What is the hundred thousands digit of 1821700?
8
What is the ten thousands digit of 939265?
3
What is the hundreds digit of 3236672?
6
What is the hundreds digit of 617439?
4
What is the hundreds digit of 16839699?
6
What is the tens digit of 7178275?
7
What is the hundred thousands digit of 23138481?
1
What is the units digit of 945223?
3
What is the hundreds digit of 4988978?
9
What is the ten thousands digit of 138734?
3
What is the ten thousands digit of 23434060?
3
What is the hundreds digit of 2699907?
9
What is the units digit of 9635844?
4
What is the thousands digit of 6340152?
0
What is the ten thousands digit of 3566944?
6
What is the ten thousands digit of 1915182?
1
What is the units digit of 573391?
1
What is the ten thousands digit of 191110?
9
What is the hundred thousands digit of 25225172?
2
What is the thousands digit of 891683?
1
What is the hundreds digit of 321191?
1
What is the hundreds digit of 159548?
5
What is the units digit of 139237?
7
What is the thousands digit of 932215?
2
What is the ten thousands digit of 3461468?
6
What is the tens digit of 1008549?
4
What is the tens digit of 78769?
6
What is the thousands digit of 19149173?
9
What is the hundred thousands digit of 444016?
4
What is the tens digit of 13735334?
3
What is the thousands digit of 13199?
3
What is the hundreds digit of 189492?
4
What is the tens digit of 14727006?
0
What is the units digit of 19082773?
3
What is the ten thousands digit of 1528427?
2
What is the thousands digit of 856877?
6
What is the ten thousands digit of 21206276?
0
What is the hundreds digit of 119813?
8
What is the thousands digit of 83093?
3
What is the units digit of 399551?
1
What is the hundred thousands digit of 621702?
6
What is the hundreds digit of 4299822?
8
What is the ten thousands digit of 12416?
1
What is the hundreds digit of 1221158?
1
What is the units digit of 3099268?
8
What is the hundred thousands digit of 11755450?
7
What is the thousands digit of 4010152?
0
What is the thousands digit of 43520?
3
What is the hundred thousands digit of 498566?
4
What is the units digit of 444650?
0
What is the units digit of 5653977?
7
What is the hundreds digit of 384989?
9
What is the ten thousands digit of 435788?
3
What is the tens digit of 2003409?
0
What is the hundreds digit of 2718613?
6
What is the ten thousands digit of 19318305?
1
What is the tens digit of 394865?
6
What is the ten thousands digit of 15756370?
5
What is the hundreds digit of 64229?
2
What is the hundred thousands digit of 166498?
1
What is the ten thousands digit of 201669?
0
What is the units digit of 6062932?
2
What is the ten thousands digit of 1243881?
4
What is the tens digit of 112641?
4
What is the hundred thousands digit of 1746208?
7
What is the ten millions digit of 10352433?
1
What is the ten thousands digit of 1466464?
6
What is the units digit of 2431975?
5
What is the millions digit of 6288316?
6
What is the ten thousands digit of 1003430?
0
What is the hundreds digit of 4398794?
7
What is the hundreds digit of 1741631?
6
What is the thousands digit of 148671?
8
What is the thousands digit of 13436831?
6
What is the thousands digit of 24184997?
4
What is the tens digit of 256667?
6
What is the units digit of 31789555?
5
What is the thousands digit of 623473?
3
What is the hundreds digit of 2961476?
4
What is the hundreds digit of 209271?
2
What is the hundred thousands digit of 188720?
1
What is the units digit of 21241568?
8
What is the ten thousands digit of 200919?
0
What is the hundred thousands digit of 191657?
1
What is the thousands digit of 6338631?
8
What is the hundred thousands digit of 19446783?
4
What is the ten thousands digit of 5272870?
7
What is the hundred thousands digit of 15315514?
3
What is the hundred thousands digit of 5695890?
6
What is the thousands digit of 131477?
1
What is the hundred thousands digit of 24290959?
2
What is the millions digit of 2268179?
2
What is the units digit of 357073?
3
What is the millions digit of 40812051?
0
What is the ten thousands digit of 14203207?
0
What is the thousands digit of 283216?
3
What is the millions digit of 1573343?
1
What is the ten thousands digit of 14594100?
9
What is the millions digit of 1316329?
1
What is the millions digit of 6406378?
6
What is the units digit of 1434795?
5
What is the hundreds digit of 5103598?
5
What is the hundred thousands digit of 2674864?
6
What is the hundreds digit of 421756?
7
What is the thousands digit of 279366?
9
What is the hundreds digit of 1585300?
3
What is the units digit of 1277965?
5
What is the millions digit of 1709640?
1
What is the units digit of 174816?
6
What is the thousands digit of 117005?
7
What is the hundred thousands digit of 103085?
1
What is the thousands digit of 374148?
4
What is the ten thousands digit of 197940?
9
What is the ten thousands digit of 1790314?
9
What is the hundreds digit of 221898?
8
What is the ten thousands digit of 449984?
4
What is the tens digit of 269328?
2
What is the hundred thousands digit of 1883286?
8
What is the units digit of 7665607?
7
What is the ten thousands digit of 870354?
7
What is the ten thousands digit of 301052?
0
What is the hundreds digit of 697548?
5
What is the units digit of 1761435?
5
What is the units digit of 452393?
3
What is the thousands digit of 3782287?
2
What is the hundred thousands digit of 432076?
4
What is the units digit of 32344?
4
What is the tens digit of 63143?
4
What is the ten thous